at is the hundreds digit of 47498?
4
What is the hundreds digit of 9907?
9
What is the tens digit of 419?
1
What is the tens digit of 163?
6
What is the thousands digit of 1767?
1
What is the tens digit of 273?
7
What is the hundreds digit of 840?
8
What is the tens digit of 3531?
3
What is the thousands digit of 1094?
1
What is the tens digit of 41658?
5
What is the units digit of 1846?
6
What is the hundreds digit of 69608?
6
What is the hundreds digit of 51760?
7
What is the units digit of 2448?
8
What is the hundreds digit of 1834?
8
What is the hundreds digit of 3065?
0
What is the ten thousands digit of 58860?
5
What is the tens digit of 979?
7
What is the hundreds digit of 1102?
1
What is the thousands digit of 6973?
6
What is the tens digit of 1689?
8
What is the units digit of 1388?
8
What is the hundreds digit of 1096?
0
What is the hundreds digit of 37196?
1
What is the units digit of 379?
9
What is the hundreds digit of 11633?
6
What is the units digit of 6809?
9
What is the units digit of 1923?
3
What is the tens digit of 13122?
2
What is the tens digit of 1632?
3
What is the units digit of 630?
0
What is the units digit of 10405?
5
What is the hundreds digit of 992?
9
What is the tens digit of 2087?
8
What is the tens digit of 26683?
8
What is the thousands digit of 66669?
6
What is the hundreds digit of 14915?
9
What is the ten thousands digit of 67691?
6
What is the tens digit of 7603?
0
What is the hundreds digit of 1192?
1
What is the units digit of 833?
3
What is the thousands digit of 9876?
9
What is the units digit of 27897?
7
What is the thousands digit of 61707?
1
What is the tens digit of 70?
7
What is the units digit of 1226?
6
What is the ten thousands digit of 16022?
1
What is the tens digit of 14?
1
What is the ten thousands digit of 16741?
1
What is the ten thousands digit of 65970?
6
What is the tens digit of 14784?
8
What is the hundreds digit of 2364?
3
What is the hundreds digit of 886?
8
What is the thousands digit of 68937?
8
What is the hundreds digit of 7898?
8
What is the tens digit of 2891?
9
What is the tens digit of 4397?
9
What is the tens digit of 2384?
8
What is the thousands digit of 2401?
2
What is the units digit of 896?
6
What is the hundreds digit of 4981?
9
What is the hundreds digit of 75089?
0
What is the units digit of 6231?
1
What is the hundreds digit of 80636?
6
What is the units digit of 74159?
9
What is the units digit of 1658?
8
What is the tens digit of 895?
9
What is the units digit of 11102?
2
What is the thousands digit of 4412?
4
What is the ten thousands digit of 13571?
1
What is the tens digit of 411?
1
What is the units digit of 2203?
3
What is the hundreds digit of 4333?
3
What is the hundreds digit of 958?
9
What is the hundreds digit of 6324?
3
What is the hundreds digit of 757?
7
What is the thousands digit of 9763?
9
What is the ten thousands digit of 70101?
7
What is the tens digit of 4978?
7
What is the tens digit of 16050?
5
What is the units digit of 39096?
6
What is the units digit of 325?
5
What is the units digit of 3951?
1
What is the tens digit of 16919?
1
What is the ten thousands digit of 120988?
2
What is the tens digit of 461?
6
What is the tens digit of 1885?
8
What is the hundreds digit of 7913?
9
What is the units digit of 137033?
3
What is the units digit of 18121?
1
What is the units digit of 990?
0
What is the units digit of 1310?
0
What is the units digit of 2273?
3
What is the units digit of 1948?
8
What is the units digit of 1166?
6
What is the units digit of 48105?
5
What is the tens digit of 3158?
5
What is the units digit of 9470?
0
What is the tens digit of 2629?
2
What is the units digit of 1385?
5
What is the thousands digit of 9204?
9
What is the tens digit of 2305?
0
What is the tens digit of 80838?
3
What is the tens digit of 4347?
4
What is the hundreds digit of 828?
8
What is the thousands digit of 37529?
7
What is the ten thousands digit of 24820?
2
What is the tens digit of 852?
5
What is the thousands digit of 22491?
2
What is the thousands digit of 20204?
0
What is the hundreds digit of 17357?
3
What is the thousands digit of 6378?
6
What is the tens digit of 362?
6
What is the hundreds digit of 264?
2
What is the thousands digit of 2706?
2
What is the units digit of 2928?
8
What is the ten thousands digit of 43688?
4
What is the tens digit of 8893?
9
What is the hundreds digit of 1423?
4
What is the thousands digit of 1579?
1
What is the tens digit of 2750?
5
What is the tens digit of 1570?
7
What is the ten thousands digit of 57579?
5
What is the hundreds digit of 5218?
2
What is the thousands digit of 159404?
9
What is the thousands digit of 119894?
9
What is the units digit of 13523?
3
What is the units digit of 3178?
8
What is the units digit of 54914?
4
What is the hundreds digit of 76431?
4
What is the hundreds digit of 158?
1
What is the ten thousands digit of 59891?
5
What is the hundreds digit of 18877?
8
What is the units digit of 1327?
7
What is the units digit of 8465?
5
What is the thousands digit of 9759?
9
What is the units digit of 422?
2
What is the hundreds digit of 7335?
3
What is the hundreds digit of 54697?
6
What is the hundreds digit of 6955?
9
What is the tens digit of 3314?
1
What is the units digit of 1119?
9
What is the units digit of 77508?
8
What is the hundreds digit of 21621?
6
What is the tens digit of 33664?
6
What is the units digit of 1028?
8
What is the hundreds digit of 1460?
4
What is the thousands digit of 1533?
1
What is the units digit of 59220?
0
What is the ten thousands digit of 18877?
1
What is the hundreds digit of 4818?
8
What is the units digit of 87768?
8
What is the thousands digit of 1236?
1
What is the tens digit of 2038?
3
What is the hundreds digit of 4854?
8
What is the hundreds digit of 236?
2
What is the hundreds digit of 31375?
3
What is the hundreds digit of 1157?
1
What is the thousands digit of 2049?
2
What is the units digit of 1405?
5
What is the tens digit of 118745?
4
What is the tens digit of 4014?
1
What is the hundreds digit of 1660?
6
What is the thousands digit of 3720?
3
What is the hundreds digit of 19163?
1
What is the thousands digit of 8907?
8
What is the tens digit of 7327?
2
What is the units digit of 644?
4
What is the hundreds digit of 636?
6
What is the tens digit of 2281?
8
What is the ten thousands digit of 21678?
2
What is the thousands digit of 16153?
6
What is the tens digit of 31647?
4
What is the units digit of 732?
2
What is the thousands digit of 33901?
3
What is the hundreds digit of 106754?
7
What is the hundreds digit of 1910?
9
What is the units digit of 1575?
5
What is the tens digit of 74909?
0
What is the units digit of 446?
6
What is the tens digit of 14487?
8
What is the hundreds digit of 1827?
8
What is the units digit of 1927?
7
What is the hundreds digit of 3274?
2
What is the thousands digit of 2011?
2
What is the tens digit of 69979?
7
What is the tens digit of 187450?
5
What is the units digit of 48003?
3
What is the tens digit of 30455?
5
What is the hundreds digit of 8065?
0
What is the units digit of 66706?
6
What is the hundreds digit of 3552?
5
What is the ten thousands digit of 118884?
1
What is the ten thousands digit of 19368?
1
What is the units digit of 2576?
6
What is the ten thousands digit of 35829?
3
What is the thousands digit of 12715?
2
What is the ten thousands digit of 28393?
2
What is the hundreds digit of 2638?
6
What is the hundreds digit of 50183?
1
What is the units digit of 14929?
9
What is the thousands digit of 4711?
4
What is the tens digit of 36?
3
What is the hundreds digit of 231?
2
What is the thousands digit of 3085?
3
What is the hundreds digit of 7090?
0
What is the thousands digit of 190194?
0
What is the thousands digit of 47571?
7
What is the thousands digit of 95896?
5
What is the hundreds digit of 1267?
2
What is the thousands digit of 94821?
4
What is the units digit of 443?
3
What is the hundreds digit of 809?
8
What is the hundreds digit of 129636?
6
What is the hundreds digit of 1050?
0
What is the hundreds digit of 11454?
4
What is the tens digit of 107577?
7
What is the hundreds digit of 1856?
8
What is the tens digit of 89?
8
What is the units digit of 15257?
7
What is the hundreds 